9
-12782727
What is -168530 (base 11) in base 7?
-2132360
-33351 (base 6) to base 10
-4675
4042311332 (base 5) to base 2
11111001001110001000011
880a43 (base 11) to base 12
57a149
What is 33141414 (base 5) in base 10?
287109
131159 (base 12) to base 10
312981
What is 44254433 (base 6) in base 8?
5044425
Convert 16125035 (base 7) to base 4.
11323012103
Convert -10306263 (base 7) to base 16.
-d5e85
Convert -20441042 (base 8) to base 14.
-81068a
What is 403340013 (base 5) in base 10?
1621258
What is -652204 (base 7) in base 2?
-11011101111100011
What is -3530150 (base 6) in base 11?
-115384
1097b6 (base 12) to base 3
111111020110
What is 151114 (base 9) in base 4?
112220011
What is 232010 (base 6) in base 10?
19878
Convert 367037 (base 9) to base 6.
4430054
Convert -143424 (base 6) to base 13.
-6361
What is 1294728 (base 10) in base 16?
13c188
Convert -22344415 (base 6) to base 15.
-d7445
-838586 (base 9) to base 7
-4144014
What is 2120444201 (base 5) in base 12?
15b6058
-10332 (base 11) to base 2
-11101010111111
Convert 322312112 (base 4) to base 12.
b75b2
What is -2224332 (base 5) in base 15?
-b9cc
-9a0e1 (base 15) to base 9
-825524
-21133201 (base 5) to base 15
-37801
-1320020302 (base 4) to base 11
-306788
-41774 (base 9) to base 6
-331451
-6831503 (base 9) to base 14
-6bbadc
-117d03 (base 14) to base 4
-2101333233
1803913 (base 12) to base 16
4c095f
Convert -109966 (base 13) to base 14.
-a315d
What is -5709d (base 14) in base 3?
-101202000122
Convert 14176300 (base 8) to base 2.
1100001111110011000000
-12033 (base 9) to base 3
-102001010
What is -2222210222102 (base 3) in base 15?
-216492
Convert 1001010010001000 (base 2) to base 15.
b3ee
-2023453 (base 6) to base 2
-10111100111011001
a0b00 (base 12) to base 11
132a8a
112354345 (base 6) to base 2
111111100101101011001
Convert -2213144420 (base 5) to base 11.
-27a1429
What is -11101001100101000 (base 2) in base 15?
-2567c
What is 1b4d6d (base 14) in base 6?
32513205
Convert 6c45 (base 16) to base 9.
42016
111010222022 (base 3) to base 13
90a2b
Convert -ac05d (base 16) to base 6.
-23034021
Convert 9380 (base 13) to base 12.
b968
-116077 (base 12) to base 5
-32430102
-1430477 (base 8) to base 15
-8039d
Convert -221400003 (base 5) to base 15.
-1411a3
8073166 (base 9) to base 10
4299783
What is 241403202 (base 5) in base 2?
100010001111111111110
What is 2366613 (base 7) in base 5?
34134422
221332020 (base 4) to base 6
3403520
-6c340 (base 14) to base 15
-53398
Convert 20120001121 (base 3) to base 11.
88a82
61116636 (base 8) to base 10
12885406
What is -1ec8b (base 16) in base 13?
-45514
What is -146538 (base 10) in base 2?
-100011110001101010
Convert 101000212222 (base 3) to base 8.
601545
Convert 20006612 (base 8) to base 7.
50452253
What is -2412252 (base 8) in base 14?
-132a94
What is 100101011101000000 (base 2) in base 7?
1206153
1173523 (base 9) to base 6
21410250
Convert -21001202121212 (base 3) to base 15.
-4e2805
3434330403 (base 5) to base 13
17a8634
What is 987bb8 (base 13) in base 6?
204520510
303231002 (base 4) to base 15
42b38
What is -21223473 (base 9) in base 7?
-152651334
What is -1502576 (base 8) in base 2?
-1101000010101111110
2353711 (base 9) to base 7
13561642
-49bc1 (base 14) to base 13
-6431b
-773616 (base 8) to base 16
-3f78e
2001100012 (base 3) to base 8
116627
What is -364375 (base 10) in base 16?
-58f57
What is -2535245 (base 7) in base 13?
-b6612
What is -2200404 (base 5) in base 3?
-1220120202
-10008b4 (base 12) to base 11
-1760422
2800026 (base 9) to base 2
101110110110101000010
What is -1065661 (base 7) in base 10?
-134107
31a57 (base 16) to base 2
110001101001010111
What is 46080 (base 15) in base 8?
663226
What is 138bd9 (base 15) in base 3?
1202210201020
-1434530 (base 6) to base 2
-10100001100010110
-11020111220010 (base 3) to base 16
-2264a6
What is 6461061 (base 7) in base 14?
1671d8
Convert -3644 (base 9) to base 3.
-10201111
2050667 (base 9) to base 6
35255054
-21000121000 (base 3) to base 14
-38525
What is -1304450 (base 7) in base 2?
-101001011011001001
Convert -1e6a3 (base 16) to base 6.
-2400431
Convert 847386 (base 9) to base 15.
9e540
What is -7976c0 (base 16) in base 14?
-10b2d7a
What is 4310400 (base 8) in base 10?
1151232
Convert 1696b1b (base 14) to base 11.
6306301
What is -110455324 (base 6) in base 10?
-1998340
420201223 (base 5) to base 6
100550552
Convert -15112003 (base 6) to base 13.
-153c06
Convert -1710a09 (base 11) to base 6.
-142250202
Convert -4151172 (base 9) to base 16.
-21d9fd
-560b0 (base 16) to base 8
-1260260
7435247 (base 8) to base 3
10201122112220
Convert 3231605 (base 7) to base 2.
1100000010010100110
Convert 1100101101001111111 (base 2) to base 3.
210011011121
2842c (base 13) to base 14
1d6a8
-43120b9 (base 12) to base 13
-283243b
-261da1 (base 16) to base 11
-1456827
Convert -231473 (base 8) to base 15.
-18486
What is -20120112 (base 4) in base 13?
-12816
Convert -43ab1 (base 16) to base 14.
-7301b
Convert 300103201202 (base 4) to base 13.
281493b
Convert -650622 (base 7) to base 6.
-2231513
What is -578a4 (base 11) in base 14?
-2267a
Convert -1161246 (base 8) to base 5.
-40221131
What is 320440041 (base 5) in base 16?
147eaa
-571a0b (base 12) to base 10
-1392491
-106d88 (base 15) to base 11
-495046
What is 25116 (base 11) in base 4?
20303223
2020c64 (base 13) to base 5
4441302400
What is -2a9219 (base 13) in base 15?
-15a939
Convert -d0bc6 (base 14) to base 9.
-844226
Convert 6067443 (base 8) to base 10.
1601315
Convert -1a1ba6 (base 14) to base 3.
-1202002122110
What is -40032625 (base 7) in base 8?
-14461746
-2332430 (base 5) to base 10
-42865
309a0a (base 11) to base 9
835772
Convert f7c (base 16) to base 9.
5384
-15a78 (base 15) to base 13
-25a51
b3ac (base 14) to base 3
1120102100
Convert -855869 (base 11) to base 14.
-27903d
1246963 (base 11) to base 10
2161371
Convert 25124060 (base 7) to base 11.
130280a
Convert -20142bd (base 14) to base 4.
-321220232133
What is -353143 (base 9) in base 3?
-101210011110
Convert -60b44a (base 12) to base 11.
-943512
41417 (base 15) to base 10
206797
Convert 32320013221 (base 4) to base 9.
7303561
What is 2222122001001 (base 3) in base 12?
646531
1011111110011 (base 3) to base 16
975ca
Convert 25a94 (base 13) to base 2.
10001000100011110
aa866a (base 12) to base 11
1591446
What is 20521141 (base 6) in base 13?
180ab7
-16611513 (base 7) to base 16
-18ebfe
What is -5122803 (base 10) in base 14?
-974ca7
What is -130022203300 (base 4) in base 5?
-3342231110
-704905 (base 12) to base 8
-6532025
What is 2012120001 (base 3) in base 6?
533001
-76368 (base 13) to base 5
-23314302
166669 (base 10) to base 9
273557
Convert -1198a5 (base 12) to base 6.
-10045525
-14bd03 (base 14) to base 15
-e48b8
What is 1355230 (base 6) in base 16?
12f42
Convert -20330200030 (base 4) to base 9.
-4363624
-8335c0 (base 13) to base 5
-1241013434
Convert 505212 (base 8) to base 11.
104139
-6230144 (base 8) to base 12
-677398
What is 3061359 (base 11) in base 14?
a096c7
What is -39849 (base 16) in base 5?
-30014333
11351350 (base 6) to base 11
224042
6899a0 (base 12) to base 6
55530320
Convert -2362512 (base 10) to base 16.
-240c90
What is 6402988 (base 10) in base 4?
120123032230
2445a98 (base 12) to base 6
411155112
5131330 (base 6) to base 3
110110110200
24eee (base 16) to base 7
1200021
1011250 (base 7) to base 11
8260a
What is 3331424 (base 6) in base 11?
104988
Convert -152814 (base 9) to base 13.
-33a09
Convert dd21 (base 15) to base 9.
71214
What is -234243104 (base 5) in base 2?
-100001001011100101111
-1440a0 (base 15) to base 7
-11202045
Convert -302043343 (base 6) to base 14.
-97a6d1
Convert -a2f3 (base 16) to base 8.
-121363
1235541 (base 6) to base 5
4124011
Convert 164564 (base 8) to base 13.
21283
Convert -5006756 (base 9) to base 3.
-12000020211220
Convert -18227a (base 12) to base 6.
-12545434
-457233 (base 8) to base 3
-21220000112
Convert -3ba89b7 (base 12) to base 13.
-261370c
-2700130 (base 8) to base 10
-753752
Convert -1444881 (base 10) to base 16.
-160c11
10745066 (base 8) to base 6
122134530
-10011100000000000011 (base 2) to base 16
-9c003
-130130203 (base 4) to base 15
-247ca
36443a (base 13) to base 14
259bca
-186a124 (base 12) to base 13
-10a2a05
-1313222203 (base 4) to base 12
-1b77